{"id":222,"date":"2024-08-01T07:30:11","date_gmt":"2024-08-01T07:30:11","guid":{"rendered":"https:\/\/niksnaks.taigacreative.fi\/?page_id=222"},"modified":"2024-10-08T06:35:48","modified_gmt":"2024-10-08T06:35:48","slug":"niksnaks-tuoteperhe","status":"publish","type":"page","link":"https:\/\/niksnaks.taigacreative.fi\/index.php\/tuotteet\/niksnaks-tuoteperhe\/","title":{"rendered":"NiksNaks-tuoteperhe"},"content":{"rendered":"\t\t<div data-elementor-type=\"wp-page\" data-elementor-id=\"222\" class=\"elementor elementor-222\" data-elementor-post-type=\"page\">\n\t\t\t\t<div class=\"elementor-element elementor-element-3ae6c92 e-con-full e-flex e-con e-parent\" data-id=\"3ae6c92\" data-element_type=\"container\" data-e-type=\"container\" data-settings=\"{&quot;background_background&quot;:&quot;classic&quot;,&quot;shape_divider_bottom&quot;:&quot;triangle&quot;,&quot;shape_divider_bottom_negative&quot;:&quot;yes&quot;}\">\n\t\t\t\t<div class=\"elementor-shape elementor-shape-bottom\" aria-hidden=\"true\" data-negative=\"true\">\n\t\t\t<svg xmlns=\"http:\/\/www.w3.org\/2000\/svg\" viewBox=\"0 0 1000 100\" preserveAspectRatio=\"none\">\n\t<path class=\"elementor-shape-fill\" d=\"M500.2,94.7L0,0v100h1000V0L500.2,94.7z\"\/>\n<\/svg>\t\t<\/div>\n\t\t<div class=\"elementor-element elementor-element-ee3f982 elementor-hidden-tablet e-flex e-con-boxed e-con e-child\" data-id=\"ee3f982\" data-element_type=\"container\" data-e-type=\"container\">\n\t\t\t\t\t<div class=\"e-con-inner\">\n\t\t\t\t<div class=\"elementor-element elementor-element-984fe49 elementor-widget elementor-widget-spacer\" data-id=\"984fe49\" data-element_type=\"widget\" data-e-type=\"widget\" data-widget_type=\"spacer.default\">\n\t\t\t\t<div class=\"elementor-widget-container\">\n\t\t\t\t\t\t\t<div class=\"elementor-spacer\">\n\t\t\t<div class=\"elementor-spacer-inner\"><\/div>\n\t\t<\/div>\n\t\t\t\t\t\t<\/div>\n\t\t\t\t<\/div>\n\t\t\t\t\t<\/div>\n\t\t\t\t<\/div>\n\t\t<div class=\"elementor-element elementor-element-bc3d219 e-con-full e-flex e-con e-child\" data-id=\"bc3d219\" data-element_type=\"container\" data-e-type=\"container\">\n\t\t\t\t<div class=\"elementor-element elementor-element-31694c2 elementor-widget elementor-widget-heading\" data-id=\"31694c2\" data-element_type=\"widget\" data-e-type=\"widget\" data-widget_type=\"heading.default\">\n\t\t\t\t<div class=\"elementor-widget-container\">\n\t\t\t\t\t<h1 class=\"elementor-heading-title elementor-size-default\">NiksNaks-tuoteperhe<\/h1>\t\t\t\t<\/div>\n\t\t\t\t<\/div>\n\t\t\t\t<div class=\"elementor-element elementor-element-821e3b1 elementor-widget elementor-widget-text-editor\" data-id=\"821e3b1\" data-element_type=\"widget\" data-e-type=\"widget\" data-widget_type=\"text-editor.default\">\n\t\t\t\t<div class=\"elementor-widget-container\">\n\t\t\t\t\t\t\t\t\t<p>J\u00e4rke\u00e4 ja mukavuutta ty\u00f6skentelyyn helpolla tavalla<\/p>\t\t\t\t\t\t\t\t<\/div>\n\t\t\t\t<\/div>\n\t\t\t\t<\/div>\n\t\t\t\t<\/div>\n\t\t<div class=\"elementor-element elementor-element-64bd13f elementor-hidden-tablet e-flex e-con-boxed e-con e-parent\" data-id=\"64bd13f\" data-element_type=\"container\" data-e-type=\"container\">\n\t\t\t\t\t<div class=\"e-con-inner\">\n\t\t<div class=\"elementor-element elementor-element-cc595b2 e-con-full e-flex e-con e-child\" data-id=\"cc595b2\" data-element_type=\"container\" data-e-type=\"container\">\n\t\t\t\t<div class=\"elementor-element elementor-element-9994e66 elementor-position-left elementor-vertical-align-middle elementor-widget elementor-widget-image-box\" data-id=\"9994e66\" data-element_type=\"widget\" data-e-type=\"widget\" data-widget_type=\"image-box.default\">\n\t\t\t\t<div class=\"elementor-widget-container\">\n\t\t\t\t\t<div class=\"elementor-image-box-wrapper\"><figure class=\"elementor-image-box-img\"><img fetchpriority=\"high\" decoding=\"async\" width=\"800\" height=\"480\" src=\"https:\/\/niksnaks.taigacreative.fi\/wp-content\/uploads\/2024\/08\/niksnaks_perhekuva_utv.jpg\" class=\"attachment-full size-full wp-image-200\" alt=\"\" srcset=\"https:\/\/niksnaks.taigacreative.fi\/wp-content\/uploads\/2024\/08\/niksnaks_perhekuva_utv.jpg 800w, https:\/\/niksnaks.taigacreative.fi\/wp-content\/uploads\/2024\/08\/niksnaks_perhekuva_utv-300x180.jpg 300w, https:\/\/niksnaks.taigacreative.fi\/wp-content\/uploads\/2024\/08\/niksnaks_perhekuva_utv-768x461.jpg 768w\" sizes=\"(max-width: 800px) 100vw, 800px\" \/><\/figure><div class=\"elementor-image-box-content\"><h3 class=\"elementor-image-box-title\">Helppoutta ty\u00f6skentelyyn<\/h3><p class=\"elementor-image-box-description\">NiksNaksilla liit\u00e4t lis\u00e4laitteen m\u00f6nkij\u00e4\u00e4n tai Ferrari-traktoriin hetkess\u00e4! NiksNaks ja vinssi, koukku tai puskulevy on paikallaan. \u2013 Niin helppoa se on!<\/p><\/div><\/div>\t\t\t\t<\/div>\n\t\t\t\t<\/div>\n\t\t\t\t<\/div>\n\t\t<div class=\"elementor-element elementor-element-9fdc739 e-con-full e-flex e-con e-child\" data-id=\"9fdc739\" data-element_type=\"container\" data-e-type=\"container\">\n\t\t\t\t<div class=\"elementor-element elementor-element-9e763b3 elementor-widget__width-initial elementor-widget elementor-widget-video\" data-id=\"9e763b3\" data-element_type=\"widget\" data-e-type=\"widget\" data-settings=\"{&quot;youtube_url&quot;:&quot;https:\\\/\\\/www.youtube.com\\\/watch?v=WJiWpP03RTU&quot;,&quot;lazy_load&quot;:&quot;yes&quot;,&quot;video_type&quot;:&quot;youtube&quot;,&quot;controls&quot;:&quot;yes&quot;}\" data-widget_type=\"video.default\">\n\t\t\t\t<div class=\"elementor-widget-container\">\n\t\t\t\t\t\t\t<div class=\"elementor-wrapper elementor-open-inline\">\n\t\t\t<div class=\"elementor-video\"><\/div>\t\t<\/div>\n\t\t\t\t\t\t<\/div>\n\t\t\t\t<\/div>\n\t\t\t\t<div class=\"elementor-element elementor-element-ae70135 elementor-vertical-align-middle elementor-widget__width-initial elementor-widget elementor-widget-image-box\" data-id=\"ae70135\" data-element_type=\"widget\" data-e-type=\"widget\" data-widget_type=\"image-box.default\">\n\t\t\t\t<div class=\"elementor-widget-container\">\n\t\t\t\t\t<div class=\"elementor-image-box-wrapper\"><div class=\"elementor-image-box-content\"><h3 class=\"elementor-image-box-title\">Katso video<\/h3><p class=\"elementor-image-box-description\">NiksNaks j\u00e4rjestelm\u00e4\u00e4 on kehitetty  jo vuodesta 2005. Suomessa suunniteltu ja valmistettu NiksNaks onkin saanut jo suuren suosion markkinoilla.<\/p><\/div><\/div>\t\t\t\t<\/div>\n\t\t\t\t<\/div>\n\t\t\t\t<\/div>\n\t\t<div class=\"elementor-element elementor-element-e1ad365 e-con-full e-flex e-con e-child\" data-id=\"e1ad365\" data-element_type=\"container\" data-e-type=\"container\">\n\t\t\t\t<div class=\"elementor-element elementor-element-a9b5217 elementor-widget__width-initial elementor-widget elementor-widget-video\" data-id=\"a9b5217\" data-element_type=\"widget\" data-e-type=\"widget\" data-settings=\"{&quot;youtube_url&quot;:&quot;https:\\\/\\\/www.youtube.com\\\/watch?v=-KDqgNf7LV4&quot;,&quot;video_type&quot;:&quot;youtube&quot;,&quot;controls&quot;:&quot;yes&quot;}\" data-widget_type=\"video.default\">\n\t\t\t\t<div class=\"elementor-widget-container\">\n\t\t\t\t\t\t\t<div class=\"elementor-wrapper elementor-open-inline\">\n\t\t\t<div class=\"elementor-video\"><\/div>\t\t<\/div>\n\t\t\t\t\t\t<\/div>\n\t\t\t\t<\/div>\n\t\t\t\t<div class=\"elementor-element elementor-element-9463c7b elementor-vertical-align-middle elementor-widget__width-initial elementor-widget elementor-widget-image-box\" data-id=\"9463c7b\" data-element_type=\"widget\" data-e-type=\"widget\" data-widget_type=\"image-box.default\">\n\t\t\t\t<div class=\"elementor-widget-container\">\n\t\t\t\t\t<div class=\"elementor-image-box-wrapper\"><div class=\"elementor-image-box-content\"><h3 class=\"elementor-image-box-title\">Katso video<\/h3><p class=\"elementor-image-box-description\"> Tyytyv\u00e4isiin k\u00e4ytt\u00e4jiin kuuluu paljon my\u00f6s alan ammattilaisia. Laadukas j\u00e4rjestelm\u00e4 tuo aivan uuden ajattelun ty\u00f6ntekoon, lis\u00e4laitteiden k\u00e4ytt\u00f6\u00f6n ja saavutettavaan hy\u00f6tyyn.<\/p><\/div><\/div>\t\t\t\t<\/div>\n\t\t\t\t<\/div>\n\t\t\t\t<\/div>\n\t\t\t\t\t<\/div>\n\t\t\t\t<\/div>\n\t\t<div class=\"elementor-element elementor-element-255e655 elementor-hidden-mobile e-flex e-con-boxed e-con e-parent\" data-id=\"255e655\" data-element_type=\"container\" data-e-type=\"container\">\n\t\t\t\t\t<div class=\"e-con-inner\">\n\t\t<div class=\"elementor-element elementor-element-9cdc245 e-con-full e-flex e-con e-child\" data-id=\"9cdc245\" data-element_type=\"container\" data-e-type=\"container\">\n\t\t\t\t<div class=\"elementor-element elementor-element-9e1d8c4 elementor-position-top elementor-widget elementor-widget-image-box\" data-id=\"9e1d8c4\" data-element_type=\"widget\" data-e-type=\"widget\" data-widget_type=\"image-box.default\">\n\t\t\t\t<div class=\"elementor-widget-container\">\n\t\t\t\t\t<div class=\"elementor-image-box-wrapper\"><figure class=\"elementor-image-box-img\"><img fetchpriority=\"high\" decoding=\"async\" width=\"800\" height=\"480\" src=\"https:\/\/niksnaks.taigacreative.fi\/wp-content\/uploads\/2024\/08\/niksnaks_perhekuva_utv.jpg\" class=\"attachment-full size-full wp-image-200\" alt=\"\" srcset=\"https:\/\/niksnaks.taigacreative.fi\/wp-content\/uploads\/2024\/08\/niksnaks_perhekuva_utv.jpg 800w, https:\/\/niksnaks.taigacreative.fi\/wp-content\/uploads\/2024\/08\/niksnaks_perhekuva_utv-300x180.jpg 300w, https:\/\/niksnaks.taigacreative.fi\/wp-content\/uploads\/2024\/08\/niksnaks_perhekuva_utv-768x461.jpg 768w\" sizes=\"(max-width: 800px) 100vw, 800px\" \/><\/figure><div class=\"elementor-image-box-content\"><h3 class=\"elementor-image-box-title\">Helppoutta ty\u00f6skentelyyn<\/h3><p class=\"elementor-image-box-description\">NiksNaksilla liit\u00e4t lis\u00e4laitteen m\u00f6nkij\u00e4\u00e4n tai Ferrari-traktoriin hetkess\u00e4! NiksNaks ja vinssi, koukku tai puskulevy on paikallaan. \u2013 Niin helppoa se on!<\/p><\/div><\/div>\t\t\t\t<\/div>\n\t\t\t\t<\/div>\n\t\t\t\t<\/div>\n\t\t<div class=\"elementor-element elementor-element-fa3c53f e-con-full e-flex e-con e-child\" data-id=\"fa3c53f\" data-element_type=\"container\" data-e-type=\"container\">\n\t\t\t\t<div class=\"elementor-element elementor-element-03f5e8c elementor-widget__width-initial elementor-widget-tablet__width-inherit elementor-widget elementor-widget-video\" data-id=\"03f5e8c\" data-element_type=\"widget\" data-e-type=\"widget\" data-settings=\"{&quot;youtube_url&quot;:&quot;https:\\\/\\\/www.youtube.com\\\/watch?v=WJiWpP03RTU&quot;,&quot;lazy_load&quot;:&quot;yes&quot;,&quot;video_type&quot;:&quot;youtube&quot;,&quot;controls&quot;:&quot;yes&quot;}\" data-widget_type=\"video.default\">\n\t\t\t\t<div class=\"elementor-widget-container\">\n\t\t\t\t\t\t\t<div class=\"elementor-wrapper elementor-open-inline\">\n\t\t\t<div class=\"elementor-video\"><\/div>\t\t<\/div>\n\t\t\t\t\t\t<\/div>\n\t\t\t\t<\/div>\n\t\t\t\t<div class=\"elementor-element elementor-element-2e8773a elementor-widget elementor-widget-image-box\" data-id=\"2e8773a\" data-element_type=\"widget\" data-e-type=\"widget\" data-widget_type=\"image-box.default\">\n\t\t\t\t<div class=\"elementor-widget-container\">\n\t\t\t\t\t<div class=\"elementor-image-box-wrapper\"><div class=\"elementor-image-box-content\"><h3 class=\"elementor-image-box-title\">Katso video<\/h3><p class=\"elementor-image-box-description\">NiksNaks j\u00e4rjestelm\u00e4\u00e4 on kehitetty  jo vuodesta 2005. Suomessa suunniteltu ja valmistettu NiksNaks onkin saanut jo suuren suosion markkinoilla.<\/p><\/div><\/div>\t\t\t\t<\/div>\n\t\t\t\t<\/div>\n\t\t\t\t<\/div>\n\t\t<div class=\"elementor-element elementor-element-11da267 e-con-full e-flex e-con e-child\" data-id=\"11da267\" data-element_type=\"container\" data-e-type=\"container\">\n\t\t\t\t<div class=\"elementor-element elementor-element-2a9f0e2 elementor-widget__width-initial elementor-widget-tablet__width-inherit elementor-widget elementor-widget-video\" data-id=\"2a9f0e2\" data-element_type=\"widget\" data-e-type=\"widget\" data-settings=\"{&quot;youtube_url&quot;:&quot;https:\\\/\\\/www.youtube.com\\\/watch?v=-KDqgNf7LV4&quot;,&quot;video_type&quot;:&quot;youtube&quot;,&quot;controls&quot;:&quot;yes&quot;}\" data-widget_type=\"video.default\">\n\t\t\t\t<div class=\"elementor-widget-container\">\n\t\t\t\t\t\t\t<div class=\"elementor-wrapper elementor-open-inline\">\n\t\t\t<div class=\"elementor-video\"><\/div>\t\t<\/div>\n\t\t\t\t\t\t<\/div>\n\t\t\t\t<\/div>\n\t\t\t\t<div class=\"elementor-element elementor-element-8799057 elementor-widget elementor-widget-image-box\" data-id=\"8799057\" data-element_type=\"widget\" data-e-type=\"widget\" data-widget_type=\"image-box.default\">\n\t\t\t\t<div class=\"elementor-widget-container\">\n\t\t\t\t\t<div class=\"elementor-image-box-wrapper\"><div class=\"elementor-image-box-content\"><h3 class=\"elementor-image-box-title\">Katso video<\/h3><p class=\"elementor-image-box-description\"> Tyytyv\u00e4isiin k\u00e4ytt\u00e4jiin kuuluu paljon my\u00f6s alan ammattilaisia. Laadukas j\u00e4rjestelm\u00e4 tuo aivan uuden ajattelun ty\u00f6ntekoon, lis\u00e4laitteiden k\u00e4ytt\u00f6\u00f6n ja saavutettavaan hy\u00f6tyyn.<\/p><\/div><\/div>\t\t\t\t<\/div>\n\t\t\t\t<\/div>\n\t\t\t\t<\/div>\n\t\t\t\t\t<\/div>\n\t\t\t\t<\/div>\n\t\t<div class=\"elementor-element elementor-element-3de555e e-con-full e-flex e-con e-parent\" data-id=\"3de555e\" data-element_type=\"container\" data-e-type=\"container\" data-settings=\"{&quot;background_background&quot;:&quot;classic&quot;,&quot;shape_divider_top&quot;:&quot;triangle&quot;,&quot;shape_divider_top_negative&quot;:&quot;yes&quot;,&quot;shape_divider_bottom&quot;:&quot;triangle&quot;,&quot;shape_divider_bottom_negative&quot;:&quot;yes&quot;}\">\n\t\t\t\t<div class=\"elementor-shape elementor-shape-top\" aria-hidden=\"true\" data-negative=\"true\">\n\t\t\t<svg xmlns=\"http:\/\/www.w3.org\/2000\/svg\" viewBox=\"0 0 1000 100\" preserveAspectRatio=\"none\">\n\t<path class=\"elementor-shape-fill\" d=\"M500.2,94.7L0,0v100h1000V0L500.2,94.7z\"\/>\n<\/svg>\t\t<\/div>\n\t\t\t\t<div class=\"elementor-shape elementor-shape-bottom\" aria-hidden=\"true\" data-negative=\"true\">\n\t\t\t<svg xmlns=\"http:\/\/www.w3.org\/2000\/svg\" viewBox=\"0 0 1000 100\" preserveAspectRatio=\"none\">\n\t<path class=\"elementor-shape-fill\" d=\"M500.2,94.7L0,0v100h1000V0L500.2,94.7z\"\/>\n<\/svg>\t\t<\/div>\n\t\t<div class=\"elementor-element elementor-element-125a1e8 e-con-full e-flex e-con e-child\" data-id=\"125a1e8\" data-element_type=\"container\" data-e-type=\"container\" data-settings=\"{&quot;background_background&quot;:&quot;slideshow&quot;,&quot;background_slideshow_gallery&quot;:[{&quot;id&quot;:230,&quot;url&quot;:&quot;https:\\\/\\\/niksnaks.taigacreative.fi\\\/wp-content\\\/uploads\\\/2024\\\/08\\\/Nayttokuva-2024-08-01-105919.png&quot;},{&quot;id&quot;:231,&quot;url&quot;:&quot;https:\\\/\\\/niksnaks.taigacreative.fi\\\/wp-content\\\/uploads\\\/2024\\\/08\\\/Nayttokuva-2024-08-01-110008.png&quot;},{&quot;id&quot;:232,&quot;url&quot;:&quot;https:\\\/\\\/niksnaks.taigacreative.fi\\\/wp-content\\\/uploads\\\/2024\\\/08\\\/Nayttokuva-2024-08-01-110028.png&quot;},{&quot;id&quot;:233,&quot;url&quot;:&quot;https:\\\/\\\/niksnaks.taigacreative.fi\\\/wp-content\\\/uploads\\\/2024\\\/08\\\/Nayttokuva-2024-08-01-110050.png&quot;},{&quot;id&quot;:234,&quot;url&quot;:&quot;https:\\\/\\\/niksnaks.taigacreative.fi\\\/wp-content\\\/uploads\\\/2024\\\/08\\\/Nayttokuva-2024-08-01-110117.png&quot;},{&quot;id&quot;:235,&quot;url&quot;:&quot;https:\\\/\\\/niksnaks.taigacreative.fi\\\/wp-content\\\/uploads\\\/2024\\\/08\\\/Nayttokuva-2024-08-01-110138.png&quot;}],&quot;background_slideshow_slide_transition&quot;:&quot;slide_left&quot;,&quot;background_slideshow_loop&quot;:&quot;yes&quot;,&quot;background_slideshow_slide_duration&quot;:5000,&quot;background_slideshow_transition_duration&quot;:500}\">\n\t\t\t\t<div class=\"elementor-element elementor-element-eab9818 elementor-widget elementor-widget-spacer\" data-id=\"eab9818\" data-element_type=\"widget\" data-e-type=\"widget\" data-widget_type=\"spacer.default\">\n\t\t\t\t<div class=\"elementor-widget-container\">\n\t\t\t\t\t\t\t<div class=\"elementor-spacer\">\n\t\t\t<div class=\"elementor-spacer-inner\"><\/div>\n\t\t<\/div>\n\t\t\t\t\t\t<\/div>\n\t\t\t\t<\/div>\n\t\t\t\t<\/div>\n\t\t\t\t<\/div>\n\t\t<div class=\"elementor-element elementor-element-093370d e-con-full e-flex e-con e-parent\" data-id=\"093370d\" data-element_type=\"container\" data-e-type=\"container\">\n\t\t\t\t<div class=\"elementor-element elementor-element-2b94040 elementor-widget elementor-widget-text-editor\" data-id=\"2b94040\" data-element_type=\"widget\" data-e-type=\"widget\" data-widget_type=\"text-editor.default\">\n\t\t\t\t<div class=\"elementor-widget-container\">\n\t\t\t\t\t\t\t\t\t<p>Annamme mielell\u00e4mme lis\u00e4tietoja asiasta. Toivomme sinulle mukavia NiksNaks-hetki\u00e4.<\/p>\t\t\t\t\t\t\t\t<\/div>\n\t\t\t\t<\/div>\n\t\t\t\t<\/div>\n\t\t<div class=\"elementor-element elementor-element-dcf7e93 e-flex e-con-boxed e-con e-parent\" data-id=\"dcf7e93\" data-element_type=\"container\" data-e-type=\"container\">\n\t\t\t\t\t<div class=\"e-con-inner\">\n\t\t<div class=\"elementor-element elementor-element-c13316e e-con-full e-flex e-con e-child\" data-id=\"c13316e\" data-element_type=\"container\" data-e-type=\"container\">\n\t\t\t\t<div class=\"elementor-element elementor-element-a513bb7 elementor-position-left elementor-vertical-align-middle elementor-widget elementor-widget-image-box\" data-id=\"a513bb7\" data-element_type=\"widget\" data-e-type=\"widget\" data-widget_type=\"image-box.default\">\n\t\t\t\t<div class=\"elementor-widget-container\">\n\t\t\t\t\t<div class=\"elementor-image-box-wrapper\"><figure class=\"elementor-image-box-img\"><a href=\"https:\/\/indd.adobe.com\/view\/73c5ada1-821b-4157-a85e-3ca6c796c30c\" target=\"_blank\" tabindex=\"-1\"><img decoding=\"async\" width=\"800\" height=\"750\" src=\"https:\/\/niksnaks.taigacreative.fi\/wp-content\/uploads\/2024\/08\/niksnaksesite_trapper.jpg\" class=\"attachment-full size-full wp-image-240\" alt=\"\" srcset=\"https:\/\/niksnaks.taigacreative.fi\/wp-content\/uploads\/2024\/08\/niksnaksesite_trapper.jpg 800w, https:\/\/niksnaks.taigacreative.fi\/wp-content\/uploads\/2024\/08\/niksnaksesite_trapper-300x281.jpg 300w, https:\/\/niksnaks.taigacreative.fi\/wp-content\/uploads\/2024\/08\/niksnaksesite_trapper-768x720.jpg 768w\" sizes=\"(max-width: 800px) 100vw, 800px\" \/><\/a><\/figure><div class=\"elementor-image-box-content\"><h3 class=\"elementor-image-box-title\"><a href=\"https:\/\/indd.adobe.com\/view\/73c5ada1-821b-4157-a85e-3ca6c796c30c\" target=\"_blank\">Katso NiksNaks-esite m\u00f6nkij\u00e4\u00e4n <\/a><\/h3><\/div><\/div>\t\t\t\t<\/div>\n\t\t\t\t<\/div>\n\t\t\t\t<\/div>\n\t\t<div class=\"elementor-element elementor-element-da280b7 e-con-full e-flex e-con e-child\" data-id=\"da280b7\" data-element_type=\"container\" data-e-type=\"container\">\n\t\t\t\t<div class=\"elementor-element elementor-element-905e39d elementor-position-left elementor-vertical-align-middle elementor-widget elementor-widget-image-box\" data-id=\"905e39d\" data-element_type=\"widget\" data-e-type=\"widget\" data-widget_type=\"image-box.default\">\n\t\t\t\t<div class=\"elementor-widget-container\">\n\t\t\t\t\t<div class=\"elementor-image-box-wrapper\"><figure class=\"elementor-image-box-img\"><a href=\"https:\/\/indd.adobe.com\/view\/9fc3b4cf-e3af-4183-8c71-d65592c7caf9\" target=\"_blank\" tabindex=\"-1\"><img decoding=\"async\" width=\"800\" height=\"750\" src=\"https:\/\/niksnaks.taigacreative.fi\/wp-content\/uploads\/2024\/08\/niksnaksesite_ferrari.jpg\" class=\"attachment-full size-full wp-image-241\" alt=\"\" srcset=\"https:\/\/niksnaks.taigacreative.fi\/wp-content\/uploads\/2024\/08\/niksnaksesite_ferrari.jpg 800w, https:\/\/niksnaks.taigacreative.fi\/wp-content\/uploads\/2024\/08\/niksnaksesite_ferrari-300x281.jpg 300w, https:\/\/niksnaks.taigacreative.fi\/wp-content\/uploads\/2024\/08\/niksnaksesite_ferrari-768x720.jpg 768w\" sizes=\"(max-width: 800px) 100vw, 800px\" \/><\/a><\/figure><div class=\"elementor-image-box-content\"><h3 class=\"elementor-image-box-title\"><a href=\"https:\/\/indd.adobe.com\/view\/9fc3b4cf-e3af-4183-8c71-d65592c7caf9\" target=\"_blank\">Katso NiksNaks-esite Ferrari-monitoimitraktoriin<\/a><\/h3><\/div><\/div>\t\t\t\t<\/div>\n\t\t\t\t<\/div>\n\t\t\t\t<\/div>\n\t\t<div class=\"elementor-element elementor-element-e35d9d5 e-con-full e-flex e-con e-child\" data-id=\"e35d9d5\" data-element_type=\"container\" data-e-type=\"container\">\n\t\t\t\t<div class=\"elementor-element elementor-element-c7809f6 elementor-position-left elementor-vertical-align-middle elementor-widget elementor-widget-image-box\" data-id=\"c7809f6\" data-element_type=\"widget\" data-e-type=\"widget\" data-widget_type=\"image-box.default\">\n\t\t\t\t<div class=\"elementor-widget-container\">\n\t\t\t\t\t<div class=\"elementor-image-box-wrapper\"><figure class=\"elementor-image-box-img\"><a href=\"https:\/\/indd.adobe.com\/view\/cecabe2a-e0f1-40b7-b652-7bdcbd39235f\" target=\"_blank\" tabindex=\"-1\"><img loading=\"lazy\" decoding=\"async\" width=\"800\" height=\"750\" src=\"https:\/\/niksnaks.taigacreative.fi\/wp-content\/uploads\/2024\/08\/niksnaksesite_sv.jpg\" class=\"attachment-full size-full wp-image-242\" alt=\"\" srcset=\"https:\/\/niksnaks.taigacreative.fi\/wp-content\/uploads\/2024\/08\/niksnaksesite_sv.jpg 800w, https:\/\/niksnaks.taigacreative.fi\/wp-content\/uploads\/2024\/08\/niksnaksesite_sv-300x281.jpg 300w, https:\/\/niksnaks.taigacreative.fi\/wp-content\/uploads\/2024\/08\/niksnaksesite_sv-768x720.jpg 768w\" sizes=\"(max-width: 800px) 100vw, 800px\" \/><\/a><\/figure><div class=\"elementor-image-box-content\"><h3 class=\"elementor-image-box-title\"><a href=\"https:\/\/indd.adobe.com\/view\/cecabe2a-e0f1-40b7-b652-7bdcbd39235f\" target=\"_blank\">Titta NiksNaks p\u00e5 svenska<\/a><\/h3><\/div><\/div>\t\t\t\t<\/div>\n\t\t\t\t<\/div>\n\t\t\t\t<\/div>\n\t\t\t\t\t<\/div>\n\t\t\t\t<\/div>\n\t\t<div class=\"elementor-element elementor-element-83c3295 e-flex e-con-boxed e-con e-parent\" data-id=\"83c3295\" data-element_type=\"container\" data-e-type=\"container\" data-settings=\"{&quot;background_background&quot;:&quot;classic&quot;,&quot;shape_divider_top&quot;:&quot;triangle&quot;,&quot;shape_divider_top_negative&quot;:&quot;yes&quot;}\">\n\t\t\t\t\t<div class=\"e-con-inner\">\n\t\t\t\t<div class=\"elementor-shape elementor-shape-top\" aria-hidden=\"true\" data-negative=\"true\">\n\t\t\t<svg xmlns=\"http:\/\/www.w3.org\/2000\/svg\" viewBox=\"0 0 1000 100\" preserveAspectRatio=\"none\">\n\t<path class=\"elementor-shape-fill\" d=\"M500.2,94.7L0,0v100h1000V0L500.2,94.7z\"\/>\n<\/svg>\t\t<\/div>\n\t\t\t\t<div class=\"elementor-element elementor-element-94f1d4c elementor-widget elementor-widget-spacer\" data-id=\"94f1d4c\" data-element_type=\"widget\" data-e-type=\"widget\" data-widget_type=\"spacer.default\">\n\t\t\t\t<div class=\"elementor-widget-container\">\n\t\t\t\t\t\t\t<div class=\"elementor-spacer\">\n\t\t\t<div class=\"elementor-spacer-inner\"><\/div>\n\t\t<\/div>\n\t\t\t\t\t\t<\/div>\n\t\t\t\t<\/div>\n\t\t\t\t\t<\/div>\n\t\t\t\t<\/div>\n\t\t\t\t<\/div>\n\t\t","protected":false},"excerpt":{"rendered":"<p>NiksNaks-tuoteperhe J\u00e4rke\u00e4 ja mukavuutta ty\u00f6skentelyyn helpolla tavalla Helppoutta ty\u00f6skentelyyn NiksNaksilla liit\u00e4t lis\u00e4laitteen m\u00f6nkij\u00e4\u00e4n tai Ferrari-traktoriin hetkess\u00e4! NiksNaks ja vinssi, koukku tai puskulevy on paikallaan. \u2013 Niin helppoa se on! Katso video NiksNaks j\u00e4rjestelm\u00e4\u00e4 on kehitetty jo vuodesta 2005. Suomessa suunniteltu ja valmistettu NiksNaks onkin saanut jo suuren suosion markkinoilla. Katso video Tyytyv\u00e4isiin k\u00e4ytt\u00e4jiin kuuluu paljon [&hellip;]<\/p>\n","protected":false},"author":1,"featured_media":0,"parent":194,"menu_order":0,"comment_status":"closed","ping_status":"closed","template":"elementor_header_footer","meta":{"footnotes":""},"class_list":["post-222","page","type-page","status-publish","hentry"],"_links":{"self":[{"href":"https:\/\/niksnaks.taigacreative.fi\/index.php\/wp-json\/wp\/v2\/pages\/222","targetHints":{"allow":["GET"]}}],"collection":[{"href":"https:\/\/niksnaks.taigacreative.fi\/index.php\/wp-json\/wp\/v2\/pages"}],"about":[{"href":"https:\/\/niksnaks.taigacreative.fi\/index.php\/wp-json\/wp\/v2\/types\/page"}],"author":[{"embeddable":true,"href":"https:\/\/niksnaks.taigacreative.fi\/index.php\/wp-json\/wp\/v2\/users\/1"}],"replies":[{"embeddable":true,"href":"https:\/\/niksnaks.taigacreative.fi\/index.php\/wp-json\/wp\/v2\/comments?post=222"}],"version-history":[{"count":25,"href":"https:\/\/niksnaks.taigacreative.fi\/index.php\/wp-json\/wp\/v2\/pages\/222\/revisions"}],"predecessor-version":[{"id":426,"href":"https:\/\/niksnaks.taigacreative.fi\/index.php\/wp-json\/wp\/v2\/pages\/222\/revisions\/426"}],"up":[{"embeddable":true,"href":"https:\/\/niksnaks.taigacreative.fi\/index.php\/wp-json\/wp\/v2\/pages\/194"}],"wp:attachment":[{"href":"https:\/\/niksnaks.taigacreative.fi\/index.php\/wp-json\/wp\/v2\/media?parent=222"}],"curies":[{"name":"wp","href":"https:\/\/api.w.org\/{rel}","templated":true}]}}